re the prime factors of 19399379?
19399379
List the prime factors of 241651.
241651
List the prime factors of 21108823.
137, 154079
List the prime factors of 645285.
3, 5, 43019
List the prime factors of 599141.
37, 16193
What are the prime factors of 1315620?
2, 3, 5, 7309
List the prime factors of 3644337.
3, 137, 8867
List the prime factors of 10224420.
2, 3, 5, 23, 31, 239
What are the prime factors of 685766?
2, 41, 8363
What are the prime factors of 728108?
2, 182027
What are the prime factors of 148847?
73, 2039
List the prime factors of 3548674.
2, 1774337
What are the prime factors of 246769?
246769
List the prime factors of 104191.
31, 3361
What are the prime factors of 96131?
7, 31, 443
What are the prime factors of 15506099?
7, 47, 6733
What are the prime factors of 488539?
488539
List the prime factors of 276283.
7, 29, 1361
List the prime factors of 228481.
11, 20771
List the prime factors of 1088644.
2, 127, 2143
List the prime factors of 65467.
17, 3851
List the prime factors of 270188.
2, 67547
List the prime factors of 1348179.
3, 7, 43, 1493
List the prime factors of 1720271.
7, 245753
List the prime factors of 21575.
5, 863
What are the prime factors of 23006630?
2, 5, 109, 21107
List the prime factors of 1253910.
2, 3, 5, 7, 853
What are the prime factors of 1453018?
2, 7, 103787
List the prime factors of 732456.
2, 3, 3391
What are the prime factors of 9378205?
5, 37, 163, 311
What are the prime factors of 307834?
2, 149, 1033
What are the prime factors of 3216018?
2, 3, 13, 41231
List the prime factors of 182606.
2, 91303
What are the prime factors of 2293485?
3, 5, 152899
List the prime factors of 3732456.
2, 3, 7, 13, 1709
What are the prime factors of 48857?
48857
List the prime factors of 4450008.
2, 3, 157, 1181
What are the prime factors of 835209?
3, 92801
List the prime factors of 16195527.
3, 1799503
What are the prime factors of 11335532?
2, 13, 17, 12823
What are the prime factors of 1397440?
2, 5, 11, 397
List the prime factors of 1579636.
2, 31, 12739
List the prime factors of 15833852.
2, 71, 127, 439
List the prime factors of 322812.
2, 3, 7, 61
List the prime factors of 131057.
83, 1579
List the prime factors of 3320799.
3, 163, 6791
What are the prime factors of 9800003?
9800003
List the prime factors of 4354202.
2, 2177101
What are the prime factors of 836144?
2, 52259
What are the prime factors of 171708?
2, 3, 41, 349
List the prime factors of 17561109.
3, 839, 6977
What are the prime factors of 1582719?
3, 19, 27767
List the prime factors of 119255.
5, 17, 23, 61
What are the prime factors of 1511043?
3, 37, 13613
What are the prime factors of 76996?
2, 19249
What are the prime factors of 24816?
2, 3, 11, 47
List the prime factors of 1291882.
2, 645941
List the prime factors of 341469.
3, 12647
What are the prime factors of 826613?
826613
What are the prime factors of 1234263?
3, 411421
What are the prime factors of 414799?
7, 11, 5387
What are the prime factors of 319872?
2, 3, 7, 17
What are the prime factors of 3240439?
1459, 2221
List the prime factors of 3164522.
2, 811, 1951
What are the prime factors of 717770?
2, 5, 71777
List the prime factors of 297370.
2, 5, 131, 227
List the prime factors of 298894.
2, 17, 59, 149
What are the prime factors of 15676?
2, 3919
List the prime factors of 315692.
2, 13, 467
List the prime factors of 262378.
2, 17, 7717
List the prime factors of 251677.
251677
List the prime factors of 115007.
19, 6053
What are the prime factors of 3857545?
5, 771509
What are the prime factors of 5519872?
2, 10781
What are the prime factors of 455690?
2, 5, 45569
List the prime factors of 3512795.
5, 11, 13, 17
What are the prime factors of 6533354?
2, 73, 613
What are the prime factors of 35480350?
2, 5, 709607
List the prime factors of 29116230.
2, 3, 5, 11, 13, 617
What are the prime factors of 1249888?
2, 139, 281
What are the prime factors of 463734?
2, 3, 25763
What are the prime factors of 3615007?
11, 328637
List the prime factors of 3167054.
2, 11, 23, 569
What are the prime factors of 19007569?
7, 2715367
What are the prime factors of 242480?
2, 5, 7, 433
What are the prime factors of 1432067?
7, 13, 15737
List the prime factors of 1773828.
2, 3, 7, 7039
List the prime factors of 1456112.
2, 7, 13001
List the prime factors of 470429.
470429
List the prime factors of 60968.
2, 7621
List the prime factors of 15502190.
2, 5, 11, 140929
What are the prime factors of 24822238?
2, 7, 1773017
What are the prime factors of 26841?
3, 23, 389
What are the prime factors of 600641?
600641
List the prime factors of 252372.
2, 3, 21031
What are the prime factors of 7585384?
2, 948173
What are the prime factors of 1949458?
2, 7, 17, 8191
List the prime factors of 909117.
3, 11, 3061
List the prime factors of 266410.
2, 5, 26641
List the prime factors of 4246.
2, 11, 193
List the prime factors of 3936126.
2, 3, 59, 11119
List the prime factors of 2211936.
2, 3, 23041
What are the prime factors of 437041?
11, 67, 593
List the prime factors of 12969699.
3, 29, 149077
What are the prime factors of 5457068?
2, 17, 80251
List the prime factors of 3871914.
2, 3, 61, 71, 149
List the prime factors of 9453096.
2, 3, 131293
What are the prime factors of 19891371?
3, 6630457
List the prime factors of 128270.
2, 5, 101, 127
List the prime factors of 356743.
53, 127
List the prime factors of 1162113.
3, 387371
What are the prime factors of 33273?
3, 3697
List the prime factors of 5766088.
2, 443, 1627
What are the prime factors of 1695210?
2, 3, 5, 11, 467
List the prime factors of 1509162.
2, 3, 251527
What are the prime factors of 5991243?
3, 1997081
What are the prime factors of 13065322?
2, 31, 210731
List the prime factors of 6926838.
2, 3, 1154473
What are the prime factors of 450903?
3, 150301
What are the prime factors of 300603?
3, 97, 1033
List the prime factors of 2269733.
2269733
List the prime factors of 16081319.
79, 251, 811
List the prime factors of 15431.
13, 1187
List the prime factors of 1318742.
2, 659371
List the prime factors of 1340780.
2, 5, 7, 61, 157
List the prime factors of 49239.
3, 5471
What are the prime factors of 485093?
7, 23, 131
List the prime factors of 138809.
11, 12619
List the prime factors of 15191811.
3, 19, 73, 1217
List the prime factors of 4165000.
2, 5, 7, 17
What are the prime factors of 3098457?
3, 344273
What are the prime factors of 6243679?
13, 31, 15493
What are the prime factors of 633875?
5, 11, 461
List the prime factors of 1497801.
3, 499267
List the prime factors of 4387885.
5, 877577
What are the prime factors of 471946?
2, 29, 79, 103
List the prime factors of 2811709.
2811709
List the prime factors of 14568.
2, 3, 607
List the prime factors of 107962.
2, 23, 2347
List the prime factors of 641121.
3, 13, 17, 967
What are the prime factors of 17595579?
3, 5865193
List the prime factors of 783855.
3, 5, 17419
List the prime factors of 2350662.
2, 3, 401, 977
List the prime factors of 328645.
5, 65729
What are the prime factors of 627115?
5, 125423
List the prime factors of 210206.
2, 61, 1723
What are the prime factors of 4791091?
313, 15307
List the prime factors of 68837.
19, 3623
What are the prime factors of 10283244?
2, 3, 401, 2137
What are the prime factors of 1333064?
2, 281, 593
List the prime factors of 836003.
7, 119429
List the prime factors of 4403250.
2, 3, 5, 19, 103
What are the prime factors of 5241633?
3, 251, 6961
List the prime factors of 426481.
11, 137, 283
What are the prime factors of 2309886?
2, 3, 128327
List the prime factors of 6997229.
6997229
What are the prime factors of 2710058?
2, 13, 104233
List the prime factors of 453246.
2, 3, 75541
What are the prime factors of 8246322?
2, 3, 7, 65447
What are the prime factors of 1365798?
2, 3, 7, 31, 1049
What are the prime factors of 1266101?
1266101
What are the prime factors of 184354?
2, 92177
List the prime factors of 4546973.
17, 267469
What are the prime factors of 3840057?
3, 13, 23, 1427
List the prime factors of 7816912.
2, 257, 1901
List the prime factors of 2752372.
2, 7, 98299
List the prime factors of 3911298.
2, 3, 191, 3413
What are the prime factors of 19572?
2, 3, 7, 233
What are the prime factors of 115866?
2, 3, 41, 157
List the prime factors